m**2 + 10*m + 8. Let t(u) = 16*u**2 + 50*u + 43. Suppose 0 = 2*l + 11*n - 15*n + 4, 2*l + 4 = -4*n. Let d(p) = l*t(p) + 11*y(p). Calculate d(-9).
-7
Let n(h) = -2*h**2 + h - 1. Let w(l) = -2*l**2 + 2*l - 34. Let a(g) = -2*n(g) + w(g). Determine a(-5).
18
Let w = 270 + -277. Let y(f) = -f + 5. Let c(d) = -2*d + 6. Let h(j) = -2*j - 14. Let g be h(-6). Let x(i) = g*c(i) + 3*y(i). Calculate x(w).
-4
Let b(a) = -3*a + 13. Let l(o) = -3*o**2 + 21*o + 5. Let n be l(7). Let q(t) = 2*t - 9. Let h(m) = n*b(m) + 7*q(m). Calculate h(-2).
4
Let c(v) = -v**3 - 4*v**2 - v - 4. Let i = 100 + -96. Suppose -i*x + 300 = 4*q, 2*q + 0*q - 145 = -x. Let y = 66 - q. Give c(y).
0
Let q(w) = 2*w**2 + 14*w + 33. Suppose 0 = 2*s + 4*p + 1 - 5, 5*s = -4*p - 14. Calculate q(s).
21
Let j(q) = 4*q - 11. Suppose -3*d = 3*u - 42, 1 = -d - 7*u + 3*u. Suppose -d*g = 6*g - 225. Determine j(g).
25
Let w = -5 - -7. Let j(g) = -g**2 + 31*g + 139. Let l be j(35). Let n = w + l. Let m(v) = -7*v + 1. Give m(n).
-6
Let z(k) be the second derivative of k**6/360 + k**5/20 - 7*k**4/24 - k**3/6 - k**2/2 - 17*k - 2. Let p(v) be the second derivative of z(v). What is p(-7)?
0
Suppose -82 - 57 = -25*q + 111. Let p(c) = -2*c**2 + 22*c - 14. Give p(q).
6
Let c be ((-72)/2 + -1)*1. Let h(q) = 6*q + 12. Let r be h(-9). Let d = c - r. Let y(l) = -l - 1. What is y(d)?
-6
Let x be -1*(-10)/(7 - 9). Let k(u) = -u - 2. Calculate k(x).
3
Let i(a) be the first derivative of -a**4/4 + a**3 + 3*a**2/2 - 6*a + 1696. Suppose 3*g = 6*g - 9. Determine i(g).
3
Let l(n) = n - 7. Let o be (12/15*2)/((-30)/(-75)). Suppose 2*f = 5*f - h - 16, 11 = 2*f - h. Suppose 2*d - f*d - w - 17 = 0, o*d - 3*w + 40 = 0. Give l(d).
-14
Let j be 6/8*(3 - -1). Let w(b) = -b**2 + 1 - 4350*b + j + 4349*b. Suppose -5*c = -3*h + 12, 2*c = 4*c + h - 4. Give w(c).
4
Let i(z) = -103*z + 57*z - 3 + 6 + 45*z + 2*z**2 + 21. Give i(-6).
102
Let l(f) = -11*f**3 - f + 0*f**3 + 8*f**3 - 8*f**2 - 1. Let z(u) = -2*u**3 - 4*u**2 - 1. Let v(x) = 3*l(x) - 5*z(x). What is v(4)?
-10
Let m be 0*((-50)/525 + (-2)/28). Let u(b) = 15*b - 7*b - 6 - 6*b. What is u(m)?
-6
Let z(a) be the first derivative of -a**5/60 + a**4/4 - 5*a**3/6 - 7*a**2/2 - 10*a - 188. Let p(i) be the second derivative of z(i). Determine p(3).
4
Let x = -2993 + 2993. Let l(s) be the second derivative of -2*s**2 + 1/3*s**4 + x + 1/20*s**5 + 26*s - 1/6*s**3. Calculate l(-4).
0
Let w be 22/(-3) + 11/33. Let q(f) be the second derivative of f**5/20 + 7*f**4/12 + f**3/6 - 7*f**2/2 + 2443*f. Give q(w).
-14
Let z = 343 + -322. Suppose v = -4*c - z, 15*c + 15 = 10*c + v. Let o(h) = -h**3 - 4*h**2 + h - 2. Give o(c).
-6
Let d(f) = -30*f + 383. Let p(o) = -o + 8. Let g(t) = d(t) - 5*p(t). Calculate g(14).
-7
Let l be (6 - 5)*-5*-39. Let u = -196 + l. Let v(y) = 13*y - 1. Give v(u).
-14
Let x(t) = 3*t - 7. Suppose -51*u - 2*l = -54*u - 14, u = 2*l - 10. Let a(w) = -w. Suppose 0 = 2*h + 2. Let f(c) = h*x(c) + u*a(c). Give f(8).
-1
Let x(w) = -w**3 - 8*w**2 - 6*w - 3. Let o be 1/(-10)*-4*-15. Let g(j) = -20186*j - j**2 + 23 + 10094*j + 10091*j. Let s be g(o). What is x(s)?
-10
Let v(x) = -x - 1. Let c = 12 + -15. Let a be -1*4 + (0 - -1). Let l be (6*c/(-6))/(a/(-2)). Calculate v(l).
-3
Let t(l) = -3*l**2 + 15*l - 4. Let k(j) = j**2 - 5*j + 1. Let w(z) = 3*z - 22. Let b be w(-12). Let i = 47 + b. Let s(h) = i*k(h) - 4*t(h). What is s(4)?
1
Let o be 68 - (((-32)/4)/4)/(-1). Suppose 8*r - 3*r - 315 = 0. Let x = o - r. Let i(q) = q**3 - 3*q**2 + 2. Determine i(x).
2
Suppose 42*k - 488 = 16*k - 35*k. Let j(l) = 2*l**3 - 15*l**2 - 10*l - 3. Calculate j(k).
-19
Let w(f) = -f**3 + 2*f**2 + 4*f - 3. Let y = -145 - -127. Let k(m) = m**3 + 17*m**2 - 21*m - 51. Let h be k(y). Calculate w(h).
0
Suppose -151 = -5*z + 4*h, -3*z - 2*h = -98 + 25. Let b(y) = y**2 + 15 + 19 - 6*y - z. Let g be ((-25)/10)/((-2)/4). What is b(g)?
2
Let i(x) = -x - 8. Let k(h) = -h - 7. Let m(c) = -4*i(c) + 5*k(c). Let q(a) = -3 + a**2 + a**2 - 2981*a + 2981*a. Let u be q(-2). What is m(u)?
-8
Suppose -k = -5, -3*z - 42 = -6*z + 3*k. Suppose 0*f = -4*f + 3*q + 50, z = f - 4*q. Let h(s) = -2*s + f + 0*s + 11 - 13. Give h(6).
-3
Let n be -1*5/15*0. Suppose 3*s + r + 5 = n, 4*s - 18*r = -21*r. Let z(x) = -x - 1. Calculate z(s).
2
Let i be -5*((-3)/(-15) + 0). Let l be 39/(-6) - i/2. Let h(t) = -t**3 + t**2 + t. Let z(u) = -5*u**3 + 13*u**2 + 11*u + 8. Let c(j) = 6*h(j) - z(j). Give c(l).
-14
Let v(d) = -d**3 - 5*d**2 + 23. Let l be v(2). Let x(c) = c**2 + c + 2. What is x(l)?
22
Suppose 25 = -6*c + 43. Let b(s) = -9924*s**3 - 1 + 5*s + c + 9925*s**3 - 6*s**2. Calculate b(5).
2
Let h(z) be the second derivative of z**4/6 - 19*z**3/2 + 65*z**2 - 10493*z. Determine h(26).
0
Let f be ((-50)/15 + 4)*30/5. Let b(d) = 11*d + 36. Let v(x) = -5*x - 18. Let u(a) = f*b(a) + 9*v(a). Give u(-8).
-10
Suppose -d - 11 + 36 = 5*o, 3*d = 5*o - 5. Let f(a) = -2*a**3 - 2*a**2 + 3*a. Let b(h) = 3*h**3 + h**2 - 4*h + 1. Let r(x) = 3*b(x) + 4*f(x). Determine r(d).
3
Let l(x) = x**2 + 10*x - 176. Let t(g) = 3*g**2 + 19*g - 351. Let j(y) = 5*l(y) - 2*t(y). Let r(k) be the first derivative of j(k). Give r(8).
-4
Let k be (-102)/8 + 16 + (-621)/36. Let a(q) = -6*q - 8. Calculate a(k).
76
Let c be 2/(8 + (-342)/45). Let a(s) = -4*s**3 - 5*s - 4. Let n(o) = -5*o**3 + o**2 - 5*o - 4. Let z(j) = -6*a(j) + 5*n(j). Determine z(c).
29
Let u(d) = -3*d - 2. Let l(p) = -p - 1. Let h(o) = 2*l(o) - u(o). Suppose 3*i = -k - 2*i - 26, 2*k + i + 25 = 0. Let q = k + 9. Determine h(q).
-2
Let k(l) = -4*l + 0 + l**3 + 2*l**2 - 3*l**2 - 2. Suppose 0 = -q - 2*o + 11, 9*o - 8 = 7*o. Let v be k(q). Let j(h) = -h. Determine j(v).
-4
Suppose 61*s - 60*s + 4 = -2*k, 5*s + 50 = 5*k. Let d(n) = -2*n - 14. What is d(s)?
2
Let h(f) be the second derivative of 4 + 2/3*f**3 - 2*f + 4*f**2. Give h(6).
32
Suppose z + 54 = 7*z. Suppose -4*k = z*k - 78. Let f(b) = 3*b - 6*b + 2*b + 9. Calculate f(k).
3
Let j(p) = -7*p + 3. Suppose 2*x = 8*x - 42. Suppose 91 = 28*f + x. What is j(f)?
-18
Let v = -88 + 91. Let r(c) = -3*c**2 + 18*c**3 + 19*c**3 - 36*c**3 - 3 - 6*c + v*c**2 + 6*c**2. Calculate r(-7).
-10
Let g(n) = 17*n + 18. Let f be g(-7). Let q = f + 74. Let t = -20 - q. Let u(r) = -r**3 + 6*r**2 + 8*r - 4. What is u(t)?
3
Let m(t) = -t**2 + 5*t - 8. Let v be (408/1326)/(4/78). What is m(v)?
-14
Let l(h) be the second derivative of h**5/20 + 7*h**4/6 - 7*h**3/6 - 53*h**2 - 5*h + 678. What is l(-14)?
-8
Let s = 11 - 15. Let r(c) = -c. Let n(t) = t**2 + 8*t - 4. Suppose -2*v = 5*k + 15, v + 2*v + 17 = -2*k. Let h(y) = k*n(y) - 6*r(y). Determine h(s).
-4
Let j(n) = -4*n**2 - 46*n - 14. Let p be j(-11). Let i(r) = 0 + 8*r**2 - p - 22*r**2 + 6*r**2 + 5*r + 9*r**2. Give i(-8).
16
Let w(c) = c**2 - 5*c - 6. Let b be -3 + 7 - (-6 + 8 - 14). Suppose -3*g = -u - 22, 44*g = 43*g - 4*u + b. Give w(g).
18
Let t = 3 + -3. Let x(h) = -3*h - 4 - 4*h + t*h + 3*h. Suppose -5*l - 2*f = -11, 2*l + 2*l = f + 14. Calculate x(l).
-16
Let m(b) = 285 - b - 281 + 92*b**2 - 5. Determine m(1).
90
Let x be ((-50)/(-15) - 4)*(-1002)/4. Let y(a) = -5*a**2 - 329*a + x*a + 169*a + 4*a**2. Determine y(5).
10
Let c(h) = h**2 + 124*h - 7 + 99*h - 15*h**3 + 14*h**3 - 223*h. Determine c(4).
-55
Let z = 49 - 47. Suppose z*h = 5*h - 72. Suppose h = -6*n - 12. Let m(x) = x**3 + 6*x**2 - x - 8. What is m(n)?
-2
Let o(m) = 3*m - 5*m + m**3 + 5*m**2 - 5*m. Let r be 508 - 469 - (-90)/(-2). What is o(r)?
6
Let m(a) = 6 - 1 - a - 4. Let y(d) = d**3 - 34*d**2 + 36*d + 888. Let c be y(32). Calculate m(c).
9
Suppose -2*r = 5*p + 19, -4*r - p = -3*p - 22. Suppose 0 = -3*g - 2*c + 9, -3*c - r - 21 = -3*g. Let x(d) = d**2 - 8*d - 3. Give x(g).
-18
Let z = 421 + -355. Suppose z - 34 = -8*r. Let g(k) = 0*k**2 - 2*k + 3 - k**2 - 2. What is g(r)?
-7
Let l be 20*(-46)/805*(-21)/12. Let a(d) = -10*d**2 + 17*d. Calculate a(l).
-6
Suppose -w - 2 = 6, 2*w + 90 = 2*n. Let h(r) = -r**2 + 34*r + 81. Give h(n).
-30
Let g(r) = 8*r - 30. Let s(x) = 86*x - 320. Let b(z) = 32*g(z) - 3*s(z). Suppose 0 = 4*c + c - 15. Calculate b(c).
-6
Let n(j) = j**3 + 4*j**2 - 9*j - 25. Let p be 6/(-5) + 1092/(-65) + 13. What is n(p)?
-5
Suppose -6*k + 27 = -63. Suppose 6*o = o - k. Let s(p) be the first derivative of p**4/4 + p**3/3 - 3*p**2/2 - p + 4. What is s(o)?
-10
Le